{"id":2620,"date":"2013-09-16T11:58:13","date_gmt":"2013-09-16T09:58:13","guid":{"rendered":"http:\/\/www.integrazionepetaloazzurro.org\/anew\/?page_id=2620"},"modified":"2026-04-27T14:36:15","modified_gmt":"2026-04-27T12:36:15","slug":"chi-siamo","status":"publish","type":"page","link":"http:\/\/www.integrazionepetaloazzurro.org\/anew\/chi-siamo\/","title":{"rendered":"Chi Siamo"},"content":{"rendered":"<p style=\"text-align: justify;\">L&#8217;Associazione Integrazione \u00e8 un&#8217;organizzazione non lucrativa di utilit\u00e0 sociale, che si occupa di integrazione scolastica e sociale di minori disabili.<\/p>\n<p style=\"text-align: justify;\">Nata dall&#8217;esigenza di alcuni genitori della provincia di Vicenza che credevano nella necessit\u00e0 di dar vita ad una nuova Associazione di non soli genitori che si occupasse dell&#8217;<b>integrazione scolastica e sociale dei minori disabili<\/b>, ipotizzando logisticamente il Comune di Villaverla quale sede strategica per l&#8217;ambito provinciale sia per il coinvolgimento dell&#8217;Assessore ai Servizi Sociali del Comune Maria Grazia Bettale, nonch\u00e8 per la sensibilit\u00e0 che questa Amministrazione, allora guidata dal compianto Sindaco Maria Elisabetta De Toni &#8220;Lisa&#8221;, ha sempre dimostrato nei confronti dei pi\u00f9 deboli.<\/p>\n<p style=\"text-align: justify;\">L&#8217;<b>Associazione INTEGRAZIONE<\/b> si \u00e8 costituita il 12 febbraio 2000 con otto genitori della provincia e un assessore ai servizi sociali (pi\u00f9 precisamente del Comune di Villaverla).<\/p>\n<p style=\"text-align: justify;\">Promuove l&#8217;informazione e il dialogo tra tutte le persone che ruotano attorno ai minori diversamente abili ed ai loro progetti di vita.<\/p>\n<p style=\"text-align: justify;\">L&#8217;intento \u00e8 di partecipare il positivo che esiste in ciascuna istituzione che molto spesso non viene reso pubblico; mettere in rete quanto si raccoglie, al fine di suscitare nuove motivazioni in tutti per alimentare il dialogo fra le parti.<\/p>\n<p style=\"text-align: justify;\">Iscrizione al RUNTS con Decreto n. 508 del 11 ottobre 2022 e all&#8217;Albo delle Associazioni di Volontariato dei Comuni di Carr\u00e8, Thiene e Villaverla.<\/p>\n<p style=\"text-align: justify;\">L&#8217;Associazione Integrazione opera nell&#8217;ambito della Provincia di Vicenza e, per il raggiungimento degli obiettivi, svolge diverse attivit\u00e0.<\/p>\n<p>Attualmente siamo in 33 aderenti (aggiornamento al 31\/12\/2025).<\/p>\n<p style=\"text-align: justify;\"><span style=\"color: #21789c;\"><b>ATTIVIT\u00c0 DELL&#8217;ASSOCIAZIONE<\/b><\/span><br \/>\n<span style=\"color: #dc0707;\"><b>\u00b7<\/b><\/span> <b>Organizzazione di iniziative di dibattito<\/b>, formazione e informazione sui temi legati alla disabilit\u00e0, in costante dialogo e collaborazione con tutte le associazioni locali, che a diverso titolo si interessano di disabili e con le pi\u00f9 significative associazioni e comitati a livello nazionale.<\/p>\n<p style=\"text-align: justify;\"><span style=\"color: #dc0707;\"><b>\u00b7<\/b><\/span> <b>Redazione di un foglio informativo &#8220;Il Petalo Azzurro&#8221;<\/b>. Nasce come supplemento alla Rivista Handicap e Scuola a cura del Comitato per l&#8217;Integrazione Scolastica degli Handicappati di Torino. Il foglio vorrebbe proporsi come una sorta di Tavola Rotonda permanente tra tutti gli interessati, che possono partecipare i propri articoli o lettere. Viene stampato in 5.000 copie e distribuito ai soci dell&#8217;associazione, ai genitori di bambini disabili, alle scuole, agli enti locali, alle ULSS, alle unit\u00e0 riabilitative pediatriche della Provincia di Vicenza, oltre alle associazioni di volontariato ed a tutte le agenzie educative della nostra Provincia che lo richiedono nonch\u00e9 a quanti ne facciano esplicita richiesta. Il Foglio nasce con l&#8217;intento di offrire le esperienze pi\u00f9 significative raccolte dal panorama nazionale ed internazionale, le disposizioni legislative, nonch\u00e8 le esperienze positive locali di genitori, insegnanti, riabilitatori, amministratori.<\/p>\n<p style=\"text-align: justify;\"><b>\u00b7<\/b> Il Petalo Azzurro costituisce la massima espressione dell&#8217;Associazione.<\/p>\n<p style=\"text-align: justify;\"><span style=\"color: #dc0707;\"><b>\u00b7<\/b><\/span> <b>Disponibilit\u00e0 a proporre o a partecipare<\/b> a qualsiasi attivit\u00e0 attinente l&#8217;integrazione scolastica e sociale dei minori diversabili.<\/p>\n<p style=\"text-align: justify;\"><span style=\"color: #dc0707;\"><b>\u00b7<\/b><\/span> <b>Progetto di formazione &#8220;Pedagogia dei Genitori&#8221;<\/b> finalizzato all&#8217;interazione fra pi\u00f9 soggetti (genitori, operatori, insegnanti) attraverso momenti di informazione e confronto che, chiarendo e valorizzando i singoli ruoli, valorizzino e diffondano l&#8217;importanza dell&#8217;intervento educativo familiare.<\/p>\n<p style=\"text-align: justify;\"><span style=\"color: #21789c;\"><b>L&#8217;OBIETTIVO PRINCIPALE DEL PERCORSO DEL PROGETTO CONSISTE NEL:<\/b><\/span><br \/>\n<span style=\"color: #dc0707;\"><b>*<\/b><\/span> Valorizzare la Pedagogia della famiglia a supporto dell&#8217;integrazione scolastica e sociale;<\/p>\n<p style=\"text-align: justify;\"><span style=\"color: #dc0707;\"><b>*<\/b><\/span> Sottolineare e diffondere la dignit\u00e0 dell&#8217;azione pedagogica dei genitori come educatori esperti;<\/p>\n<p style=\"text-align: justify;\"><span style=\"color: #dc0707;\"><b>*<\/b><\/span> Invitare operatori scolastici e sanitari a considerare l&#8217;importanza del coinvolgimento dei familiari nella predisposizione dei singoli piani educativi individualizzati;<\/p>\n<p style=\"text-align: justify;\"><span style=\"color: #dc0707;\"><b>*<\/b><\/span> Condividere tra pi\u00f9 soggetti, nel rispetto reciproco dei ruoli, una linea educativa unitaria e finalizzata al raggiungimento di un benessere psico-fisico del bambino disabile e contemporaneamente anche del gruppo classe.<\/p>\n<p style=\"text-align: justify;\">Ci hanno sostenuto e hanno collaborato anche alcune amministrazioni comunali: Comune di Calvene, Comune di Carr\u00e8, Comune di Fara Vicentino, Comune di Lugo Vicentino, Comune di Marano Vicentino, Comune di Santorso, Comune di Schio, Comune di Thiene, Comune di Sarcedo, Comune di Villaverla. Un tempo tra gli aderenti anche la FISM (Federazione Italiana Scuola Materna) sezione di Vicenza, la Scuola Materna Bambino Ges\u00f9 di Villaverla, la Fondazione Famiglia \u201cFilippi\u201d di Villaverla, l\u2019Istituto Comprensivo Statale di Sarego e il CTI di Arzignano\/Montecchio Maggiore.<\/p>\n<p style=\"text-align: justify;\"><span style=\"color: #21789c;\"><b>DOVE TROVARCI<\/b><\/span><\/p>\n<p style=\"text-align: justify;\"><span style=\"color: #dc0707;\"><b>*<\/b><\/span> Per comunicare con noi, non \u00e8 necessario essere associati; per raggiungerci potete utilizzare la nostra e-mail: <a href=\"mailto:integrazione@pedagogiadeigenitori.org\">integrazione@pedagogiadeigenitori.org,<\/a> telefonando al cell. 338 9355000 inviando un fax al Comune di Carr\u00e8 al numero 0445 390135.<\/p>\n<p style=\"text-align: justify;\"><span style=\"color: #21789c;\"><b>COME ADERIRE<\/b><\/span><br \/>\n<span style=\"color: #dc0707;\"><b>\u00b7<\/b><\/span> Versando la quota associativa di Euro 30,00 a mezzo bollettino postale al numero di c\/c postale intestato all\u2019Associazione Integrazione OdV n. 20675302, oppure tramite bonifico&nbsp;<strong>BCC VENETA &#8211; <\/strong><strong>CREDITO COOPERATIVO &#8211; SOCIETA&#8217; COOPERATIVA<\/strong> codice IBAN IT 67 R 08807 60180 004008001569<\/p>\n<p style=\"text-align: justify;\"><span style=\"color: #21789c;\"><b>PETALO AZZURRO<\/b><\/span><br \/>\nIl foglio informativo &#8220;Il Petalo Azzurro&#8221; \u00e8 un supplemento alla Rivista Nazionale Handicap e Scuola a cura del Comitato per l&#8217;Integrazione Scolastica degli Handicappati di Torino. Il foglio si propone come una sorta di Tavola Rotonda permanente tra tutti gli interessati, che possono partecipare i propri articoli o lettere.<\/p>\n<p style=\"text-align: justify;\"><span style=\"color: #21789c;\"><b>RISORSE<\/b><\/span><br \/>\n<span style=\"color: #dc0707;\"><b>\u00b0<\/b><\/span> L&#8217;associazione si sostiene grazie all&#8217;attivit\u00e0 di volontariato degli associati.<br \/>\nCostituisce una risorsa sicura la quota associativa annuale pari ad Euro 30,00.<\/p>\n<p style=\"text-align: justify;\">Annualmente si richiedevano contributi per l\u2019attivit\u00e0 ed i progetti al Centro di Servizio per il Volontariato di Vicenza, alla Provincia di Vicenza e alla Regione Veneto.<br \/>\nBeneficiamo di contributi di privati che condividono le nostre finalit\u00e0 e raccogliamo offerte da devolvere all\u2019associazione attraverso dei \u201clavoretti\u201d fatti da mamme ed amici che presentiamo in occasione di feste e momenti d\u2019incontro nell\u2019ambito locale e provinciale.<\/p>\n<p style=\"text-align: justify;\"><span style=\"color: #dc0707;\"><b>\u00b0<\/b><\/span> Ricordiamo che i contributi saranno utilizzati in conformit\u00e0 alle finalit\u00e0 istituzionali e che gli stessi, adeguatamente documentati, potranno essere fiscalmente detratti, ai sensi dell&#8217;articolo 13 &#8220;erogazioni liberali&#8221; del D.Lgs. 460\/97<\/p>\n<p style=\"text-align: left;\"><span style=\"color: #21789c;\"><b>I CONTRIBUTI POSSONO ESSERE VERSATI:<\/b><\/span><\/p>\n<ul>\n<li style=\"text-align: left;\">UniCreditBanca Spa &#8211; Ag. Thiene cod. ABI 06355 cod. CAB 60790 c\/c n. 007419164540<\/li>\n<li style=\"text-align: left;\">BCC VENETA &#8211; CREDITO COOPERATIVO &#8211; SOCIETA&#8217; COOPERATIVA<br \/>\nAgenzia di Breganze codice IBAN IT 67 R 08807 60180 004008001569<\/li>\n<li>c\/c postale intestato all&#8217;Associazione Integrazione ODV n. 20675302<\/li>\n<\/ul>\n<p style=\"text-align: justify;\"><span style=\"color: #21789c;\"><b>PROGETTI<\/b><\/span><br \/>\n<span style=\"color: #dc0707;\"><b>*<\/b><\/span> Informatizzare un foglio mensile che dia notizie in tempo reale a tutti gli aderenti, attraverso un sito internet<br \/>\n<span style=\"color: #dc0707;\"><b>*<\/b><\/span> Realizzare due numeri monografici annuali del foglio informativo &#8220;Il Petalo Azzurro&#8221;<br \/>\n<span style=\"color: #dc0707;\"><b>*<\/b><\/span> Promuovere a livello provinciale ed europeo il Progetto &#8220;La Pedagogia dei Genitori&#8221;<br \/>\n<span style=\"color: #dc0707;\"><b>*<\/b><\/span> Diffondere la pubblicazione degli atti del convegno &#8220;La Pedagogia dei Genitori&#8221;del 15 dicembre 2001 nonch\u00e8 del percorso del progetto svoltosi da gennaio a giugno 2002. Riteniamo questi percorsi e queste esperienze validi strumenti di lavoro per gli &#8220;addetti ai lavori&#8221; (famiglie, scuola, ulss, associazioni, amministrazioni, ecc.)<br \/>\n<span style=\"color: #dc0707;\"><b>*<\/b><\/span> Stimolare la costituzione di gruppi di lavoro, coinvolgendo i diretti interessati, genitori e disabili, rispetto alla prima comunicazione e al percorso di vita dei bambini &#8220;diversabili&#8221; e delle loro famiglie: <span style=\"color: #dc0707;\"><b>\u00b7<\/b><\/span> nelle aziende socio sanitarie locali, <span style=\"color: #dc0707;\"><b>\u00b7<\/b><\/span> nella scuola, <span style=\"color: #dc0707;\"><b>\u00b7<\/b><\/span> nella societ\u00e0 e nel mondo del lavoro<br \/>\n<span style=\"color: #dc0707;\"><b>*<\/b><\/span> Partecipare ad iniziative di dibattito e di promozione di iniziative per l&#8217;anno europeo delle persone con disabilit\u00e0<br \/>\n<span style=\"color: #dc0707;\"><b>*<\/b><\/span> Promuovere il concorso &#8220;Chiamatemi per nome&#8221; che coinvolga le scuole di ogni ordine.<br \/>\n<span style=\"color: #dc0707;\"><b>\u00b0<\/b><\/span> Vogliamo dare un concreto contributo all&#8217;integrazione scolastica e stimolare gli alunni delle classi ad una maggiore attenzione ai compagni con bisogni speciali convinti che la loro presenza all&#8217;interno della classe, tanto pi\u00f9 se riconosciuta ed integrata, sia una risorsa enorme per la crescita di tutti.<\/p>\n<p style=\"text-align: justify;\"><span style=\"color: #dc0707;\"><b>\u00b0<\/b><\/span> Vogliamo aiutare a costruire una relazione alla pari con chi ci sembra &#8220;troppo diverso&#8221; da noi, un laboratorio di pace, fatto di semplici e concreti gesti quotidiani, che permetta di uscire dalla logica aiutante-aiutato.<br \/>\n<span style=\"color: #dc0707;\"><b>\u00b0<\/b><\/span> Vogliamo valorizzare le esperienze di integrazione in cui si \u00e8 saputo affrontare le difficolt\u00e0 per quelle che sono, senza ipocrisie e senza allarmismi, coniugando professionalit\u00e0 e attenzione alle persone.<\/p>\n<p><!--\n\n\n<p style=\"text-align: justify;\">Clicca per scaricare <a href=\"https:\/\/www.integrazionepetaloazzurro.org\/documenti\/buona_causa.doc\" target=\"blanc\" rel=\"noopener noreferrer\"><b>\"DOCUMENTO BUONA CAUSA\"<\/b><\/a> <span style=\"font-family: Verdana,Arial,Helvetica; font-size: xx-small;\">(file Word 478Kb)<\/span><\/p>\n\n\n--><\/p>\n<p style=\"text-align: justify;\">Clicca per scaricare <a href=\"https:\/\/www.integrazionepetaloazzurro.org\/anew\/wp-content\/uploads\/2021\/03\/INTEGRAZIONE-STATUTO-2019.pdf\">&#8220;LO STATUTO DELL&#8217;ASSOCIAZIONE&#8221;<\/a><\/p>\n","protected":false},"excerpt":{"rendered":"<p>L&#8217;Associazione Integrazione \u00e8 un&#8217;organizzazione non lucrativa di utilit\u00e0 sociale, che si occupa di integrazione scolastica e sociale di minori disabili. Nata dall&#8217;esigenza di alcuni genitori della provincia di Vicenza che credevano nella necessit\u00e0 di dar vita ad una nuova Associazione &hellip; <a href=\"http:\/\/www.integrazionepetaloazzurro.org\/anew\/chi-siamo\/\">Continua a leggere<span class=\"meta-nav\">&rarr;<\/span><\/a><\/p>\n","protected":false},"author":1,"featured_media":0,"parent":0,"menu_order":0,"comment_status":"closed","ping_status":"closed","template":"sidebar-page.php","meta":{"ngg_post_thumbnail":0},"aioseo_notices":[],"_links":{"self":[{"href":"http:\/\/www.integrazionepetaloazzurro.org\/anew\/wp-json\/wp\/v2\/pages\/2620"}],"collection":[{"href":"http:\/\/www.integrazionepetaloazzurro.org\/anew\/wp-json\/wp\/v2\/pages"}],"about":[{"href":"http:\/\/www.integrazionepetaloazzurro.org\/anew\/wp-json\/wp\/v2\/types\/page"}],"author":[{"embeddable":true,"href":"http:\/\/www.integrazionepetaloazzurro.org\/anew\/wp-json\/wp\/v2\/users\/1"}],"replies":[{"embeddable":true,"href":"http:\/\/www.integrazionepetaloazzurro.org\/anew\/wp-json\/wp\/v2\/comments?post=2620"}],"version-history":[{"count":25,"href":"http:\/\/www.integrazionepetaloazzurro.org\/anew\/wp-json\/wp\/v2\/pages\/2620\/revisions"}],"predecessor-version":[{"id":5751,"href":"http:\/\/www.integrazionepetaloazzurro.org\/anew\/wp-json\/wp\/v2\/pages\/2620\/revisions\/5751"}],"wp:attachment":[{"href":"http:\/\/www.integrazionepetaloazzurro.org\/anew\/wp-json\/wp\/v2\/media?parent=2620"}],"curies":[{"name":"wp","href":"https:\/\/api.w.org\/{rel}","templated":true}]}}

<p style="text-align: justify;">L&#8217;Associazione Integrazione è un&#8217;organizzazione non lucrativa di utilità sociale, che si occupa di integrazione scolastica e sociale di minori disabili.</p>
<p style="text-align: justify;">Nata dall&#8217;esigenza di alcuni genitori della provincia di Vicenza che credevano nella necessità di dar vita ad una nuova Associazione di non soli genitori che si occupasse dell&#8217;<b>integrazione scolastica e sociale dei minori disabili</b>, ipotizzando logisticamente il Comune di Villaverla quale sede strategica per l&#8217;ambito provinciale sia per il coinvolgimento dell&#8217;Assessore ai Servizi Sociali del Comune Maria Grazia Bettale, nonchè per la sensibilità che questa Amministrazione, allora guidata dal compianto Sindaco Maria Elisabetta De Toni &#8220;Lisa&#8221;, ha sempre dimostrato nei confronti dei più deboli.</p>
<p style="text-align: justify;">L&#8217;<b>Associazione INTEGRAZIONE</b> si è costituita il 12 febbraio 2000 con otto genitori della provincia e un assessore ai servizi sociali (più precisamente del Comune di Villaverla).</p>
<p style="text-align: justify;">Promuove l&#8217;informazione e il dialogo tra tutte le persone che ruotano attorno ai minori diversamente abili ed ai loro progetti di vita.</p>
<p style="text-align: justify;">L&#8217;intento è di partecipare il positivo che esiste in ciascuna istituzione che molto spesso non viene reso pubblico; mettere in rete quanto si raccoglie, al fine di suscitare nuove motivazioni in tutti per alimentare il dialogo fra le parti.</p>
<p style="text-align: justify;">Iscrizione al RUNTS con Decreto n. 508 del 11 ottobre 2022 e all&#8217;Albo delle Associazioni di Volontariato dei Comuni di Carrè, Thiene e Villaverla.</p>
<p style="text-align: justify;">L&#8217;Associazione Integrazione opera nell&#8217;ambito della Provincia di Vicenza e, per il raggiungimento degli obiettivi, svolge diverse attività.</p>
<p>Attualmente siamo in 33 aderenti (aggiornamento al 31/12/2025).</p>
<p style="text-align: justify;"><span style="color: #21789c;"><b>ATTIVITÀ DELL&#8217;ASSOCIAZIONE</b></span><br />
<span style="color: #dc0707;"><b>·</b></span> <b>Organizzazione di iniziative di dibattito</b>, formazione e informazione sui temi legati alla disabilità, in costante dialogo e collaborazione con tutte le associazioni locali, che a diverso titolo si interessano di disabili e con le più significative associazioni e comitati a livello nazionale.</p>
<p style="text-align: justify;"><span style="color: #dc0707;"><b>·</b></span> <b>Redazione di un foglio informativo &#8220;Il Petalo Azzurro&#8221;</b>. Nasce come supplemento alla Rivista Handicap e Scuola a cura del Comitato per l&#8217;Integrazione Scolastica degli Handicappati di Torino. Il foglio vorrebbe proporsi come una sorta di Tavola Rotonda permanente tra tutti gli interessati, che possono partecipare i propri articoli o lettere. Viene stampato in 5.000 copie e distribuito ai soci dell&#8217;associazione, ai genitori di bambini disabili, alle scuole, agli enti locali, alle ULSS, alle unità riabilitative pediatriche della Provincia di Vicenza, oltre alle associazioni di volontariato ed a tutte le agenzie educative della nostra Provincia che lo richiedono nonché a quanti ne facciano esplicita richiesta. Il Foglio nasce con l&#8217;intento di offrire le esperienze più significative raccolte dal panorama nazionale ed internazionale, le disposizioni legislative, nonchè le esperienze positive locali di genitori, insegnanti, riabilitatori, amministratori.</p>
<p style="text-align: justify;"><b>·</b> Il Petalo Azzurro costituisce la massima espressione dell&#8217;Associazione.</p>
<p style="text-align: justify;"><span style="color: #dc0707;"><b>·</b></span> <b>Disponibilità a proporre o a partecipare</b> a qualsiasi attività attinente l&#8217;integrazione scolastica e sociale dei minori diversabili.</p>
<p style="text-align: justify;"><span style="color: #dc0707;"><b>·</b></span> <b>Progetto di formazione &#8220;Pedagogia dei Genitori&#8221;</b> finalizzato all&#8217;interazione fra più soggetti (genitori, operatori, insegnanti) attraverso momenti di informazione e confronto che, chiarendo e valorizzando i singoli ruoli, valorizzino e diffondano l&#8217;importanza dell&#8217;intervento educativo familiare.</p>
<p style="text-align: justify;"><span style="color: #21789c;"><b>L&#8217;OBIETTIVO PRINCIPALE DEL PERCORSO DEL PROGETTO CONSISTE NEL:</b></span><br />
<span style="color: #dc0707;"><b>*</b></span> Valorizzare la Pedagogia della famiglia a supporto dell&#8217;integrazione scolastica e sociale;</p>
<p style="text-align: justify;"><span style="color: #dc0707;"><b>*</b></span> Sottolineare e diffondere la dignità dell&#8217;azione pedagogica dei genitori come educatori esperti;</p>
<p style="text-align: justify;"><span style="color: #dc0707;"><b>*</b></span> Invitare operatori scolastici e sanitari a considerare l&#8217;importanza del coinvolgimento dei familiari nella predisposizione dei singoli piani educativi individualizzati;</p>
<p style="text-align: justify;"><span style="color: #dc0707;"><b>*</b></span> Condividere tra più soggetti, nel rispetto reciproco dei ruoli, una linea educativa unitaria e finalizzata al raggiungimento di un benessere psico-fisico del bambino disabile e contemporaneamente anche del gruppo classe.</p>
<p style="text-align: justify;">Ci hanno sostenuto e hanno collaborato anche alcune amministrazioni comunali: Comune di Calvene, Comune di Carrè, Comune di Fara Vicentino, Comune di Lugo Vicentino, Comune di Marano Vicentino, Comune di Santorso, Comune di Schio, Comune di Thiene, Comune di Sarcedo, Comune di Villaverla. Un tempo tra gli aderenti anche la FISM (Federazione Italiana Scuola Materna) sezione di Vicenza, la Scuola Materna Bambino Gesù di Villaverla, la Fondazione Famiglia “Filippi” di Villaverla, l’Istituto Comprensivo Statale di Sarego e il CTI di Arzignano/Montecchio Maggiore.</p>
<p style="text-align: justify;"><span style="color: #21789c;"><b>DOVE TROVARCI</b></span></p>
<p style="text-align: justify;"><span style="color: #dc0707;"><b>*</b></span> Per comunicare con noi, non è necessario essere associati; per raggiungerci potete utilizzare la nostra e-mail: <a href="mailto:integrazione@pedagogiadeigenitori.org">integrazione@pedagogiadeigenitori.org,</a> telefonando al cell. 338 9355000 inviando un fax al Comune di Carrè al numero 0445 390135.</p>
<p style="text-align: justify;"><span style="color: #21789c;"><b>COME ADERIRE</b></span><br />
<span style="color: #dc0707;"><b>·</b></span> Versando la quota associativa di Euro 30,00 a mezzo bollettino postale al numero di c/c postale intestato all’Associazione Integrazione OdV n. 20675302, oppure tramite bonifico&nbsp;<strong>BCC VENETA &#8211; </strong><strong>CREDITO COOPERATIVO &#8211; SOCIETA&#8217; COOPERATIVA</strong> codice IBAN IT 67 R 08807 60180 004008001569</p>
<p style="text-align: justify;"><span style="color: #21789c;"><b>PETALO AZZURRO</b></span><br />
Il foglio informativo &#8220;Il Petalo Azzurro&#8221; è un supplemento alla Rivista Nazionale Handicap e Scuola a cura del Comitato per l&#8217;Integrazione Scolastica degli Handicappati di Torino. Il foglio si propone come una sorta di Tavola Rotonda permanente tra tutti gli interessati, che possono partecipare i propri articoli o lettere.</p>
<p style="text-align: justify;"><span style="color: #21789c;"><b>RISORSE</b></span><br />
<span style="color: #dc0707;"><b>°</b></span> L&#8217;associazione si sostiene grazie all&#8217;attività di volontariato degli associati.<br />
Costituisce una risorsa sicura la quota associativa annuale pari ad Euro 30,00.</p>
<p style="text-align: justify;">Annualmente si richiedevano contributi per l’attività ed i progetti al Centro di Servizio per il Volontariato di Vicenza, alla Provincia di Vicenza e alla Regione Veneto.<br />
Beneficiamo di contributi di privati che condividono le nostre finalità e raccogliamo offerte da devolvere all’associazione attraverso dei “lavoretti” fatti da mamme ed amici che presentiamo in occasione di feste e momenti d’incontro nell’ambito locale e provinciale.</p>
<p style="text-align: justify;"><span style="color: #dc0707;"><b>°</b></span> Ricordiamo che i contributi saranno utilizzati in conformità alle finalità istituzionali e che gli stessi, adeguatamente documentati, potranno essere fiscalmente detratti, ai sensi dell&#8217;articolo 13 &#8220;erogazioni liberali&#8221; del D.Lgs. 460/97</p>
<p style="text-align: left;"><span style="color: #21789c;"><b>I CONTRIBUTI POSSONO ESSERE VERSATI:</b></span></p>
<ul>
<li style="text-align: left;">UniCreditBanca Spa &#8211; Ag. Thiene cod. ABI 06355 cod. CAB 60790 c/c n. 007419164540</li>
<li style="text-align: left;">BCC VENETA &#8211; CREDITO COOPERATIVO &#8211; SOCIETA&#8217; COOPERATIVA<br />
Agenzia di Breganze codice IBAN IT 67 R 08807 60180 004008001569</li>
<li>c/c postale intestato all&#8217;Associazione Integrazione ODV n. 20675302</li>
</ul>
<p style="text-align: justify;"><span style="color: #21789c;"><b>PROGETTI</b></span><br />
<span style="color: #dc0707;"><b>*</b></span> Informatizzare un foglio mensile che dia notizie in tempo reale a tutti gli aderenti, attraverso un sito internet<br />
<span style="color: #dc0707;"><b>*</b></span> Realizzare due numeri monografici annuali del foglio informativo &#8220;Il Petalo Azzurro&#8221;<br />
<span style="color: #dc0707;"><b>*</b></span> Promuovere a livello provinciale ed europeo il Progetto &#8220;La Pedagogia dei Genitori&#8221;<br />
<span style="color: #dc0707;"><b>*</b></span> Diffondere la pubblicazione degli atti del convegno &#8220;La Pedagogia dei Genitori&#8221;del 15 dicembre 2001 nonchè del percorso del progetto svoltosi da gennaio a giugno 2002. Riteniamo questi percorsi e queste esperienze validi strumenti di lavoro per gli &#8220;addetti ai lavori&#8221; (famiglie, scuola, ulss, associazioni, amministrazioni, ecc.)<br />
<span style="color: #dc0707;"><b>*</b></span> Stimolare la costituzione di gruppi di lavoro, coinvolgendo i diretti interessati, genitori e disabili, rispetto alla prima comunicazione e al percorso di vita dei bambini &#8220;diversabili&#8221; e delle loro famiglie: <span style="color: #dc0707;"><b>·</b></span> nelle aziende socio sanitarie locali, <span style="color: #dc0707;"><b>·</b></span> nella scuola, <span style="color: #dc0707;"><b>·</b></span> nella società e nel mondo del lavoro<br />
<span style="color: #dc0707;"><b>*</b></span> Partecipare ad iniziative di dibattito e di promozione di iniziative per l&#8217;anno europeo delle persone con disabilità<br />
<span style="color: #dc0707;"><b>*</b></span> Promuovere il concorso &#8220;Chiamatemi per nome&#8221; che coinvolga le scuole di ogni ordine.<br />
<span style="color: #dc0707;"><b>°</b></span> Vogliamo dare un concreto contributo all&#8217;integrazione scolastica e stimolare gli alunni delle classi ad una maggiore attenzione ai compagni con bisogni speciali convinti che la loro presenza all&#8217;interno della classe, tanto più se riconosciuta ed integrata, sia una risorsa enorme per la crescita di tutti.</p>
<p style="text-align: justify;"><span style="color: #dc0707;"><b>°</b></span> Vogliamo aiutare a costruire una relazione alla pari con chi ci sembra &#8220;troppo diverso&#8221; da noi, un laboratorio di pace, fatto di semplici e concreti gesti quotidiani, che permetta di uscire dalla logica aiutante-aiutato.<br />
<span style="color: #dc0707;"><b>°</b></span> Vogliamo valorizzare le esperienze di integrazione in cui si è saputo affrontare le difficoltà per quelle che sono, senza ipocrisie e senza allarmismi, coniugando professionalità e attenzione alle persone.</p>
<p><!--


<p style="text-align: justify;">Clicca per scaricare <a href="https://www.integrazionepetaloazzurro.org/documenti/buona_causa.doc" target="blanc" rel="noopener noreferrer"><b>"DOCUMENTO BUONA CAUSA"</b></a> <span style="font-family: Verdana,Arial,Helvetica; font-size: xx-small;">(file Word 478Kb)</span></p>


--></p>
<p style="text-align: justify;">Clicca per scaricare <a href="https://www.integrazionepetaloazzurro.org/anew/wp-content/uploads/2021/03/INTEGRAZIONE-STATUTO-2019.pdf">&#8220;LO STATUTO DELL&#8217;ASSOCIAZIONE&#8221;</a></p>

<p>L&#8217;Associazione Integrazione è un&#8217;organizzazione non lucrativa di utilità sociale, che si occupa di integrazione scolastica e sociale di minori disabili. Nata dall&#8217;esigenza di alcuni genitori della provincia di Vicenza che credevano nella necessità di dar vita ad una nuova Associazione &hellip; <a href="http://www.integrazionepetaloazzurro.org/anew/chi-siamo/">Continua a leggere<span class="meta-nav">&rarr;</span></a></p>
